t**2 - 9*t + 7. What is q(m)?
-1
Let y be 17 + 10*(-5)/(10 - 5). Let c(n) = 2*n**3 - 5*n**2 - 17*n - 1. Let x(r) = -r**3 + 3*r**2 + 8*r. Let m(u) = -3*c(u) - 7*x(u). Give m(y).
17
Let k(u) = 9*u**2 - 5*u - u**3 + 0*u**2 + 18*u - 3066 - 3061 + 6124. What is k(10)?
27
Let c(k) = -k**3 + 12*k**2 + 13*k - 3. Let u be c(13). Let n(m) = -6999*m - 9 + 7000*m + 3. Give n(u).
-9
Suppose z - 21 = -k - 124, -5*k + 325 = -3*z. Let y = -102 - z. Let q(f) = -2*f - 6*f + 4*f - y + 2*f. What is q(7)?
-17
Suppose -3*q = -2*q - 8. Suppose q*x = 4*x + 48. Suppose 0 = -3*w - x, y + 0*w = -2*w - 6. Let s(z) = -4*z + 2. What is s(y)?
-6
Let a(d) = 3*d + 57. Let t = -39 - -49. Let f = t - 28. Let y be a(f). Let r(l) = 4*l + 3. Determine r(y).
15
Let y(m) = m - 4. Let z be y(4). Let f(b) = -762 - 767 - 776 + 2*b + 3081 - 768. Determine f(z).
8
Let t(m) = -4*m + m**3 + 0*m + 2*m**2 + 3*m**2 + 5. Let u be 5/3*(5 + -162 - 5). Let x be (u/150)/(-1 - (-26)/20). Determine t(x).
-7
Suppose -6*c + 6*c = -9*c. Let j(r) = r**2 + c*r + 15 + 5*r - 13. What is j(-6)?
8
Let r(a) = -2*a**2 - 2*a + 6. Suppose 11*x + z + 1445 = 7*x, -3*z = -9. Let f = x + 365. Give r(f).
-18
Let m(b) = 57*b**2 - 34*b - 23. Let g(c) = -20*c**2 + 11*c + 7. Let f(l) = -17*g(l) - 6*m(l). Give f(9).
10
Let v(z) = 2*z + 14. Let a be v(-7). Suppose -3*y + 6*y + 126 = a. Let p = -48 - y. Let t(g) = g**2 + 5*g - 3. Calculate t(p).
3
Let i be (-1 - (-5 - -11 - 8))*1. Let l(z) = 34*z - 6. Determine l(i).
28
Suppose -y + 48 = -9*y. Let u be y/(-16) + (-99)/72. Let r(m) = -3*m**2 + 8*m - 7. Let h(i) = i - 1. Let t(w) = u*r(w) + 5*h(w). Calculate t(2).
8
Suppose -37*v - 46*v = -59*v + 576. Let w(x) = 3*x + 59. Give w(v).
-13
Let k(f) = f**2 + 3*f - 22. Let i be k(-7). Let q(j) = 7 - i*j**3 + 5*j**2 + 5*j**3 - 11*j**2 + 3*j. Determine q(-6).
-11
Let l(g) = -6*g**2 + 2*g. Let o(y) = -85*y**2 + 1869*y + 24. Let b be o(22). What is l(b)?
-20
Suppose 99*w - 103*w - 12 = 2*s, -3*s = -2*w - 6. Let h(l) be the third derivative of 0 - 11*l**2 + 1/15*l**5 + 0*l + 1/8*l**4 + s*l**3. What is h(-2)?
10
Let l(h) = 2*h - 4. Let o be 2*(-6 - (-99)/22). Determine l(o).
-10
Let u be ((-4)/(-10))/(25/(-125)). Suppose 37 = 3*q + 2*k, 0*q + 4*q - 5*k = 11. Let y(j) = 17*j - q*j - 1 - 3*j. Give y(u).
-11
Let l(x) = -2*x**2 - 5*x - 3. Suppose -5*u + 5*h = -10, -2*u + 6*h - 8 = 10*h. Let r be (u - 8/12)*36/8. Calculate l(r).
-6
Let u(x) = x - 4. Let l(m) = -m**3 + 10*m**2 - 7*m - 3. Let k be l(9). Let o(f) = -f**2 + 16*f + 30. Let r be o(k). Let q = -49 + r. Give u(q).
-8
Let x(r) be the second derivative of r**3/2 + 9*r**2/2 + 287*r. Determine x(3).
18
Let b(y) = 7*y - 24. Let t(j) = -5*j + 12. Let k(p) = -4*b(p) - 9*t(p). Let l(v) = 8*v - 5. Let a(c) = 6*k(c) - 14*l(c). Calculate a(2).
-22
Let o(j) = -1037245*j**2 - j**3 + 2*j**3 + 1037243*j**2 + 7*j. Determine o(-3).
-66
Let s(t) = -t**3 + 8*t**2 + 10*t - 11. Suppose 2 = -3*o + 5, -2*f - 2*o = 14. Let l be (2 - 2)*f/24. Suppose l = -y - 2*q + 9, -y - 2*y + q = -27. Give s(y).
-2
Let z = -96 - -218. Suppose 2 = -15*o + z. Let k(a) = 2 - o*a**2 - 11*a**2 + 21*a**2. Give k(2).
10
Let w(v) = -6*v**3 - v - 1. Suppose -3*q - 20 + 23 = 0. Let m be q*2/6 - 180/(-27). Suppose 4 - m = 3*k. What is w(k)?
6
Let c(g) = -3*g + 23. Suppose 4*r = n + 8, -2*n = -7*r + 5*r + 4. What is c(n)?
23
Let g(r) be the third derivative of 19*r**4/24 - 39*r**3/2 + 3385*r**2. Calculate g(6).
-3
Let y(t) = -2*t**3 - t**2 + 5*t + 4. Let j be 1*-5 + (-5328)/37. Let i = j - -146. Calculate y(i).
34
Let m(g) = -4*g**3 - g**2 - g. Let n = -136 - -341. Let d = 204 - n. What is m(d)?
4
Suppose -5 = -3*w + 5*m, -5*w + 8*m = 5*m - 19. Suppose 36 = -w*u - l, 2*u + l = -4*l - 19. Let o(n) = -n**3 - 7*n**2 + n + 7. Calculate o(u).
0
Let j(u) = -2*u**2 + u - 11. Let a(r) = -3*r**2 + 2*r - 16. Suppose 63 - 73 = 2*g. Let s(x) = g*a(x) + 7*j(x). Suppose -f = -3 - 1. What is s(f)?
7
Suppose 0*i + 14 = -7*i. Let f(d) = 4*d**2 + 5*d + 1. Let s(r) = 12*r**2 + 16*r + 4. Let o(t) = 10*f(t) - 3*s(t). What is o(i)?
10
Let i(g) = -g**3 - 3*g**2 + 26*g - 12. Let p be i(-7). Let v be (-4)/3*(-1 - 2). Let o(k) = -v*k - 3*k**3 + 2*k + 7*k**2 + 4*k**3 + p + 2. Calculate o(-7).
18
Let f(h) be the second derivative of -h**3/6 + 5*h**2/2 - h. Let g be 1 + (-13 - -17) + -7. Let y(n) = -2*n + 17. Let m(l) = g*y(l) + 7*f(l). What is m(2)?
-5
Let n = -46 + 57. Let r(f) = -5 + 25 + 1 - n + 2*f. Let g be r(-3). Let i(p) = -p**3 + 4*p**2 - 3*p + 6. Give i(g).
-6
Let m = -25 - -30. Let d(q) = -m + 5 - q**3 + 2*q**2 + 10*q - 9*q. Let y(h) = -h**3 + h**2 - 1. Let j(p) = -d(p) + 2*y(p). Give j(-2).
8
Let k(i) = 38*i**2 + 465*i + 462. Let g(h) = 23*h**2 + 282*h + 280. Let b(f) = 33*g(f) - 20*k(f). Suppose -20 = -3*z - z. Determine b(z).
5
Let j(n) = n**2 - 10*n - 8. Let l(y) = -5*y**3 - 4*y**2 - 4*y - 2. Let q be l(-2). Let i = q - -35. Suppose 5*d + 38 = 2*c, -d - 4*d - i = -5*c. Calculate j(c).
-17
Let a = -1 + -1. Let s = -217 + 221. Let d(j) = j**3 + 15 - s - 12 - j. Give d(a).
-7
Suppose 49*y = 55*y - 48. Suppose 0 = -5*v + 5*a - 50, -4*a = 4*v - 0*a + y. Let f(k) = k**2 + 8*k + 8. Give f(v).
-4
Let d(i) = 48 - 4102*i + 4050*i - i**3 + 21*i**2 - 75. Determine d(18).
9
Let s(z) be the third derivative of z**5/30 - 5*z**4/24 - 5*z**3/3 - 85*z**2 + 66. Calculate s(-2).
8
Let t(r) = -r**2 + 5*r - 3. Let m be (-208)/(-12) - 6/18. Let l(o) = -3*o**2 + 15*o - 9. Let c(h) = m*t(h) - 6*l(h). Give c(3).
-3
Let p(z) be the third derivative of -z**5/30 - z**4 + 13*z**3/6 - 1271*z**2. Give p(-12).
13
Let t(r) = 2*r - 38. Let k(a) = 26*a - 84. Let c be k(4). Calculate t(c).
2
Let j(v) be the third derivative of 25*v**4/24 + 5*v**3/3 + 1150*v**2. Calculate j(3).
85
Let t(c) = -c**3 - 8*c**2 - 1. Let l be ((-55)/22)/(2/12). Let o be l/75 - (-332)/10. Suppose 7 = -5*j - o. What is t(j)?
-1
Let x be 4 - (41/2 - (-14)/(-28)). Let q(l) = l**3 + 16*l**2 - 3*l - 11. Determine q(x).
37
Let f be (4/14)/(20/280). Let z(y) = 20*y - 8. Let r(i) = 9*i - 3. Let o(v) = -13*r(v) + 6*z(v). Determine o(f).
3
Let q(a) = -6*a**2 + a - 37. Let r be q(-8). Let i = r + 439. Let k(f) = f**3 - 10*f**2 + 2*f - 7. Calculate k(i).
13
Let y(o) = o**3 - o**2 - 9*o + 12. Suppose -4*b - 20*h + 12 = -15*h, 0 = -b + 4*h + 3. What is y(b)?
3
Let j = -21227 + 21230. Let f(y) = 2*y**3 + 3*y**2 + 7. Determine f(j).
88
Let t(v) = -v + 11. Let n be (0 + -1)/(-2 - -1). Suppose -n - 11 = 4*j + 4*g, 0 = 2*j + 5*g + 21. Suppose -3*x + j*z = -26, -2 = 7*z - 5*z. What is t(x)?
3
Let k(x) = 15*x**3 - x. Suppose -18 = -p - 4*v, 7*p - 4*p + 2*v - 4 = 0. Let g = p + 5. Suppose 2*z - l + g = 0, -2*z - l - 5 = -4*l. Calculate k(z).
-14
Let w = -9496 - -9478. Let p(g) = -4*g - 63. What is p(w)?
9
Let d(k) = -2*k**2 - 3*k - 1. Let b be -1 - (-75)/(2 + 1). Suppose -6*y = -0*y - b. Let h be ((2 - 5) + 2)/(2/y). Calculate d(h).
-3
Let k = -3365 - -3362. Let p(x) = -x**2 + 9. Give p(k).
0
Let a(r) = -12*r**3 - r**2 + 3*r + 19. Let f be a(-4). Let o(j) = 385*j - j**2 + j**3 - f*j + 382*j - 6*j**2 + 5. What is o(6)?
17
Let b(u) be the second derivative of u**5/20 - 9*u**4/4 - 31*u**3/6 + 22*u**2 - 5712*u. What is b(28)?
-40
Let w(l) = l**2 - 14418 - 14425 + 28847 - 12*l. Give w(9).
-23
Let v(t) = 16*t**3 + 2*t**2 - 1. Let b be 4 - ((-12)/3 + -61). Let g = b + -83. Let k be -3 - 24/g - (-10)/35. What is v(k)?
-15
Let b(n) = n**3 + n**2 - 2*n - 1. Let l be ((-4)/(-8))/(2*3/144). Suppose -27*v - 30 = -l*v. Give b(v).
-1
Let z(x) = -926 - 47*x + 36*x + 933. What is z(-4)?
51
Let y(h) = h**2 - 5*h - 4. Let l be y(7). Let z = l + -3. Let a(f) = 70*f - 11*f - 4 - 60*f. Determine a(z).
-11
Let s(y) = -296*y**2 + 8*y + 73. Let u(q) = 27*q**2 - 4. Let k(a) = 2*s(a) + 22*u(a). Determine k(-6).
34
Suppose 2*c = -4*s - 0*c, s - c = 0. Suppose -2*u + 5*b + 44 = 0, -4*u + 2*b + 2*b + 64 = s. Suppose f + u = 11. Let o(j) = j**2 + 2*j. Calculate o(f).
-1
Let t be 3 - ((-3)/(-1) - 0). Suppose -4*o - 2 = -3*o - m, t = -3*o + 5*m - 6. Let p(w) be the second derivative of -5*w**3/6 - w**2/2 + 1007*w. Give p(o).
9
Suppose 4*w = -2*k + w - 2, -4*k = -5*w + 4. Let p(u) be the second derivative of -3*u**4/4 + u**3/6 + u**2/2 + 53*u. Determine p(k).
-9
Let f(o) be the first derivative of 0*o + 1/24*o**4 + 13/2*o**2 + 3 + o**3. Let s(u) be the seco